s the remainder when 2199 is divided by 92?
83
Calculate the remainder when 399 is divided by 125.
24
What is the remainder when 209 is divided by 36?
29
What is the remainder when 1649 is divided by 278?
259
What is the remainder when 106 is divided by 35?
1
What is the remainder when 184 is divided by 14?
2
Calculate the remainder when 388 is divided by 130.
128
What is the remainder when 4246 is divided by 109?
104
Calculate the remainder when 487 is divided by 157.
16
What is the remainder when 134 is divided by 27?
26
What is the remainder when 4441 is divided by 1451?
88
Calculate the remainder when 139 is divided by 16.
11
What is the remainder when 160 is divided by 55?
50
Calculate the remainder when 46 is divided by 6.
4
Calculate the remainder when 37052 is divided by 194.
192
Calculate the remainder when 422 is divided by 53.
51
What is the remainder when 30 is divided by 3?
0
What is the remainder when 89 is divided by 48?
41
Calculate the remainder when 266 is divided by 114.
38
Calculate the remainder when 84 is divided by 8.
4
What is the remainder when 55 is divided by 20?
15
Calculate the remainder when 1545 is divided by 88.
49
Calculate the remainder when 1762 is divided by 63.
61
What is the remainder when 523 is divided by 68?
47
What is the remainder when 146 is divided by 15?
11
Calculate the remainder when 730 is divided by 105.
100
Calculate the remainder when 8718 is divided by 153.
150
Calculate the remainder when 321 is divided by 19.
17
Calculate the remainder when 60 is divided by 38.
22
What is the remainder when 692 is divided by 5?
2
Calculate the remainder when 169 is divided by 123.
46
Calculate the remainder when 1485 is divided by 24.
21
Calculate the remainder when 292 is divided by 114.
64
Calculate the remainder when 1025 is divided by 114.
113
What is the remainder when 1154 is divided by 55?
54
What is the remainder when 3776 is divided by 15?
11
Calculate the remainder when 4270 is divided by 178.
176
What is the remainder when 74166 is divided by 67?
64
What is the remainder when 5400 is divided by 317?
11
What is the remainder when 330 is divided by 10?
0
What is the remainder when 265 is divided by 45?
40
What is the remainder when 537 is divided by 36?
33
What is the remainder when 222 is divided by 12?
6
What is the remainder when 1233 is divided by 57?
36
Calculate the remainder when 86 is divided by 69.
17
What is the remainder when 33 is divided by 22?
11
Calculate the remainder when 389 is divided by 98.
95
What is the remainder when 1350 is divided by 197?
168
What is the remainder when 374 is divided by 108?
50
What is the remainder when 15327 is divided by 70?
67
Calculate the remainder when 418 is divided by 35.
33
What is the remainder when 133 is divided by 46?
41
What is the remainder when 75 is divided by 67?
8
Calculate the remainder when 130 is divided by 127.
3
Calculate the remainder when 137 is divided by 70.
67
Calculate the remainder when 463 is divided by 172.
119
What is the remainder when 1954 is divided by 49?
43
Calculate the remainder when 145 is divided by 66.
13
What is the remainder when 616 is divided by 78?
70
Calculate the remainder when 164 is divided by 2.
0
Calculate the remainder when 580 is divided by 12.
4
Calculate the remainder when 948 is divided by 935.
13
What is the remainder when 399 is divided by 16?
15
Calculate the remainder when 56 is divided by 15.
11
What is the remainder when 153 is divided by 1?
0
What is the remainder when 296 is divided by 14?
2
Calculate the remainder when 822 is divided by 92.
86
What is the remainder when 781 is divided by 19?
2
Calculate the remainder when 194 is divided by 67.
60
Calculate the remainder when 152 is divided by 26.
22
What is the remainder when 1081 is divided by 34?
27
Calculate the remainder when 228 is divided by 120.
108
What is the remainder when 54 is divided by 20?
14
What is the remainder when 7053 is divided by 31?
16
Calculate the remainder when 439 is divided by 137.
28
What is the remainder when 236 is divided by 94?
48
Calculate the remainder when 1433 is divided by 38.
27
Calculate the remainder when 484 is divided by 43.
11
Calculate the remainder when 516 is divided by 163.
27
What is the remainder when 545 is divided by 272?
1
Calculate the remainder when 150 is divided by 138.
12
What is the remainder when 153 is divided by 125?
28
What is the remainder when 100 is divided by 79?
21
What is the remainder when 123 is divided by 42?
39
Calculate the remainder when 1999 is divided by 182.
179
What is the remainder when 237 is divided by 8?
5
What is the remainder when 2051 is divided by 71?
63
What is the remainder when 661 is divided by 71?
22
What is the remainder when 1467 is divided by 14?
11
What is the remainder when 2710 is divided by 538?
20
What is the remainder when 356 is divided by 112?
20
Calculate the remainder when 35725 is divided by 56.
53
What is the remainder when 209 is divided by 64?
17
What is the remainder when 105 is divided by 16?
9
What is the remainder when 2008 is divided by 125?
8
Calculate the remainder when 568 is divided by 13.
9
Calculate the remainder when 620 is divided by 308.
4
What is the remainder when 228 is divided by 94?
40
Calculate the remainder when 2856 is divided by 62.
4
Calculate the remainder when 727 is divided by 28.
27
What is the remainder when 177 is divided by 26?
21
What is the remainder when 370 is divided by 24?
10
Calculate the remainder when 766 is divided by 13.
12
Calculate the remainder when 3013 is divided by 55.
43
Calculate the remainder when 198 is divided by 26.
16
Calculate the remainder when 3492 is divided by 106.
100
Calculate the remainder when 80 is divided by 42.
38
What is the remainder when 1591 is divided by 38?
33
What is the remainder when 321 is divided by 147?
27
What is the remainder when 698 is divided by 101?
92
What is the remainder when 7359 is divided by 23?
22
Calculate the remainder when 3438 is divided by 19.
18
Calculate the remainder when 303 is divided by 71.
19
Calculate the remainder when 3878 is divided by 11.
6
Calculate the remainder when 105 is divided by 40.
25
Calculate the remainder when 379 is divided by 77.
71
What is the remainder when 715 is divided by 18?
13
Calculate the remainder when 1022 is divided by 148.
134
What is the remainder when 183 is divided by 26?
1
Calculate the remainder when 1101 is divided by 45.
21
Calculate the remainder when 91 is divided by 16.
11
What is the remainder when 876 is divided by 47?
30
What is the remainder when 386 is divided by 56?
50
What is the remainder when 258 is divided by 26?
24
Calculate the remainder when 1715 is divided by 155.
10
What is the remainder when 178 is divided by 43?
6
Calculate the remainder when 340 is divided by 18.
16
Calculate the remainder when 88 is divided by 71.
17
What is the remainder when 1055 is divided by 16?
15
What is the remainder when 298 is divided by 7?
4
Calculate the remainder when 30101 is divided by 71.
68
What is the remainder when 70 is divided by 12?
10
What is the remainder when 357 is divided by 36?
33
What is the remainder when 227 is divided by 5?
2
What is the remainder when 49 is divided by 13?
10
What is the remainder when 293 is divided by 38?
27
Calculate the remainder when 384 is divided by 190.
4
What is the remainder when 6615 is divided by 3302?
11
What is the remainder when 79 is divided by 15?
4
Calculate the remainder when 167 is divided by 13.
11
Calculate the remainder when 4214 is divided by 111.
107
Calculate the remainder when 3159 is divided by 20.
19
Calculate the remainder when 2044 is divided by 31.
29
Calculate the remainder when 796 is divided by 69.
37
What is the remainder when 62 is divided by 26?
10
Calculate the remainder when 4084 is divided by 28.
24
What is the remainder when 12949 is divided by 9?
7
What is the remainder when 649 is divided by 45?
19
What is the remainder when 12 is divided by 1?
0
What is the remainder when 103 is divided by 41?
21
Calculate the remainder when 1979 is divided by 622.
113
What is the remainder when 17 is divided by 4?
1
Calculate the remainder when 93 is divided by 90.
3
What is the remainder when 2369 is divided by 22?
15
Ca